Dec 01 11:37:42.774 INFO testing l3kn/EulerLisp against master#8940af3cea4a9a9deabcaf843b2f8cad9a83fc61 for beta-1.31-5
Dec 01 11:37:42.774 INFO running `"docker" "create" "-v" "/mnt/big/crater/work/local/target-dirs/beta-1.31-5/worker-2/master#8940af3cea4a9a9deabcaf843b2f8cad9a83fc61:/target:rw,Z" "-v" "/mnt/big/crater/work/local/test-source/worker-2/beta-1.31-5/master#8940af3cea4a9a9deabcaf843b2f8cad9a83fc61:/source:ro,Z" "-v" "/mnt/big/crater/work/local/cargo-home:/cargo-home:ro,Z" "-v" "/mnt/big/crater/work/local/rustup-home:/rustup-home:ro,Z" "-e" "USER_ID=1000" "-e" "SOURCE_DIR=/source" "-e" "USER_ID=1000" "-e" "CMD=cargo +8940af3cea4a9a9deabcaf843b2f8cad9a83fc61-alt build --frozen" "-e" "CARGO_TARGET_DIR=/target" "-e" "CARGO_INCREMENTAL=0" "-e" "RUST_BACKTRACE=full" "-e" "RUSTFLAGS=--cap-lints=warn" "-e" "CARGO_HOME=/cargo-home" "-e" "RUSTUP_HOME=/rustup-home" "-m" "1536M" "--network" "none" "crater"`
Dec 01 11:37:43.079 INFO [stdout] 2f95531a215de14a39dfcab62aa6d818565786eaa63562da06216352f06d8f13
Dec 01 11:37:43.081 INFO running `"docker" "start" "-a" "2f95531a215de14a39dfcab62aa6d818565786eaa63562da06216352f06d8f13"`
Dec 01 11:37:44.179 INFO [stderr] usermod: no changes
Dec 01 11:37:44.299 INFO [stderr]    Compiling memchr v2.0.1
Dec 01 11:37:44.299 INFO [stderr]    Compiling memchr v1.0.2
Dec 01 11:37:44.311 INFO [stderr]    Compiling nix v0.5.1
Dec 01 11:37:44.319 INFO [stderr]    Compiling rayon v1.0.1
Dec 01 11:37:45.219 INFO [stderr]    Compiling nom v3.2.1
Dec 01 11:37:45.546 INFO [stderr]    Compiling csv-core v0.1.4
Dec 01 11:37:47.299 INFO [stderr]    Compiling csv v1.0.0-beta.5
Dec 01 11:37:52.359 INFO [stderr]    Compiling rustyline v1.0.0
Dec 01 11:37:54.719 INFO [stderr]    Compiling lisp v0.1.0 (/source)
Dec 01 11:37:57.067 INFO [stderr] warning: function is never used: `vector_mul_i`
Dec 01 11:37:57.067 INFO [stderr]    --> src/bignum.rs:325:1
Dec 01 11:37:57.067 INFO [stderr]     |
Dec 01 11:37:57.067 INFO [stderr] 325 | fn vector_mul_i(a: &Vec<usize>, b: usize) -> Vec<usize> {
Dec 01 11:37:57.067 INFO [stderr]     | ^^^^^^^^^^^^^^^^^^^^^^^^^^^^^^^^^^^^^^^^^^^^^^^^^^^^^^^
Dec 01 11:37:57.067 INFO [stderr]     |
Dec 01 11:37:57.067 INFO [stderr]     = note: #[warn(dead_code)] on by default
Dec 01 11:37:57.067 INFO [stderr] 
Dec 01 11:37:57.067 INFO [stderr] warning: method is never used: `fetch_u32_usize`
Dec 01 11:37:57.067 INFO [stderr]    --> src/vm.rs:123:5
Dec 01 11:37:57.067 INFO [stderr]     |
Dec 01 11:37:57.067 INFO [stderr] 123 |     fn fetch_u32_usize(&mut self) -> usize {
Dec 01 11:37:57.067 INFO [stderr]     |     ^^^^^^^^^^^^^^^^^^^^^^^^^^^^^^^^^^^^^^
Dec 01 11:37:57.067 INFO [stderr] 
Dec 01 11:37:57.067 INFO [stderr] warning: method is never used: `fetch_u16`
Dec 01 11:37:57.067 INFO [stderr]    --> src/vm.rs:132:5
Dec 01 11:37:57.067 INFO [stderr]     |
Dec 01 11:37:57.067 INFO [stderr] 132 |     fn fetch_u16(&mut self) -> u16 {
Dec 01 11:37:57.067 INFO [stderr]     |     ^^^^^^^^^^^^^^^^^^^^^^^^^^^^^^
Dec 01 11:37:57.067 INFO [stderr] 
Dec 01 11:38:01.792 INFO [stderr] warning: unused import: `rayon::prelude`
Dec 01 11:38:01.792 INFO [stderr]   --> src/main.rs:16:5
Dec 01 11:38:01.792 INFO [stderr]    |
Dec 01 11:38:01.792 INFO [stderr] 16 | use rayon::prelude::*;
Dec 01 11:38:01.792 INFO [stderr]    |     ^^^^^^^^^^^^^^
Dec 01 11:38:01.792 INFO [stderr]    |
Dec 01 11:38:01.792 INFO [stderr]    = note: #[warn(unused_imports)] on by default
Dec 01 11:38:01.792 INFO [stderr] 
Dec 01 11:38:03.143 INFO [stderr]     Finished dev [unoptimized + debuginfo] target(s) in 18.93s
Dec 01 11:38:03.146 INFO [stderr] su: No module specific data is present
Dec 01 11:38:03.484 INFO running `"docker" "inspect" "2f95531a215de14a39dfcab62aa6d818565786eaa63562da06216352f06d8f13"`
Dec 01 11:38:03.561 INFO running `"docker" "rm" "-f" "2f95531a215de14a39dfcab62aa6d818565786eaa63562da06216352f06d8f13"`
Dec 01 11:38:03.632 INFO [stdout] 2f95531a215de14a39dfcab62aa6d818565786eaa63562da06216352f06d8f13
Dec 01 11:38:03.636 INFO running `"docker" "create" "-v" "/mnt/big/crater/work/local/target-dirs/beta-1.31-5/worker-2/master#8940af3cea4a9a9deabcaf843b2f8cad9a83fc61:/target:rw,Z" "-v" "/mnt/big/crater/work/local/test-source/worker-2/beta-1.31-5/master#8940af3cea4a9a9deabcaf843b2f8cad9a83fc61:/source:ro,Z" "-v" "/mnt/big/crater/work/local/cargo-home:/cargo-home:ro,Z" "-v" "/mnt/big/crater/work/local/rustup-home:/rustup-home:ro,Z" "-e" "USER_ID=1000" "-e" "SOURCE_DIR=/source" "-e" "USER_ID=1000" "-e" "CMD=cargo +8940af3cea4a9a9deabcaf843b2f8cad9a83fc61-alt test --frozen --no-run" "-e" "CARGO_TARGET_DIR=/target" "-e" "CARGO_INCREMENTAL=0" "-e" "RUST_BACKTRACE=full" "-e" "RUSTFLAGS=--cap-lints=warn" "-e" "CARGO_HOME=/cargo-home" "-e" "RUSTUP_HOME=/rustup-home" "-m" "1536M" "--network" "none" "crater"`
Dec 01 11:38:03.891 INFO [stdout] 1e83a2a5b539220d7d43f05d75bb55ecb3408ce6294967e01ce6544c0eec35e6
Dec 01 11:38:03.893 INFO running `"docker" "start" "-a" "1e83a2a5b539220d7d43f05d75bb55ecb3408ce6294967e01ce6544c0eec35e6"`
Dec 01 11:38:04.455 INFO [stderr] usermod: no changes
Dec 01 11:38:04.541 INFO [stderr]    Compiling lisp v0.1.0 (/source)
Dec 01 11:38:05.146 INFO [stderr] error[E0432]: unresolved import `lisp::eval`
Dec 01 11:38:05.146 INFO [stderr]  --> tests/integration_test.rs:3:11
Dec 01 11:38:05.146 INFO [stderr]   |
Dec 01 11:38:05.146 INFO [stderr] 3 | use lisp::eval::Evaluator;
Dec 01 11:38:05.146 INFO [stderr]   |           ^^^^ could not find `eval` in `lisp`
Dec 01 11:38:05.146 INFO [stderr] 
Dec 01 11:38:05.195 INFO [stderr] error[E0425]: cannot find function `Number` in this scope
Dec 01 11:38:05.195 INFO [stderr]   --> tests/integration_test.rs:14:12
Dec 01 11:38:05.195 INFO [stderr]    |
Dec 01 11:38:05.195 INFO [stderr] 14 |         Ok(Number(1))
Dec 01 11:38:05.195 INFO [stderr]    |            ^^^^^^ not found in this scope
Dec 01 11:38:05.195 INFO [stderr] 
Dec 01 11:38:05.195 INFO [stderr] error[E0425]: cannot find function `Number` in this scope
Dec 01 11:38:05.195 INFO [stderr]   --> tests/integration_test.rs:18:12
Dec 01 11:38:05.195 INFO [stderr]    |
Dec 01 11:38:05.195 INFO [stderr] 18 |         Ok(Number(2))
Dec 01 11:38:05.195 INFO [stderr]    |            ^^^^^^ not found in this scope
Dec 01 11:38:05.195 INFO [stderr] 
Dec 01 11:38:05.195 INFO [stderr] error[E0425]: cannot find function `Number` in this scope
Dec 01 11:38:05.195 INFO [stderr]   --> tests/integration_test.rs:30:12
Dec 01 11:38:05.195 INFO [stderr]    |
Dec 01 11:38:05.195 INFO [stderr] 30 |         Ok(Number(2))
Dec 01 11:38:05.195 INFO [stderr]    |            ^^^^^^ not found in this scope
Dec 01 11:38:05.195 INFO [stderr] 
Dec 01 11:38:05.195 INFO [stderr] error[E0425]: cannot find function `Number` in this scope
Dec 01 11:38:05.195 INFO [stderr]   --> tests/integration_test.rs:39:12
Dec 01 11:38:05.195 INFO [stderr]    |
Dec 01 11:38:05.195 INFO [stderr] 39 |         Ok(Number(1))
Dec 01 11:38:05.195 INFO [stderr]    |            ^^^^^^ not found in this scope
Dec 01 11:38:05.195 INFO [stderr] 
Dec 01 11:38:05.195 INFO [stderr] error[E0425]: cannot find function `Number` in this scope
Dec 01 11:38:05.195 INFO [stderr]   --> tests/integration_test.rs:48:12
Dec 01 11:38:05.195 INFO [stderr]    |
Dec 01 11:38:05.195 INFO [stderr] 48 |         Ok(Number(3))
Dec 01 11:38:05.195 INFO [stderr]    |            ^^^^^^ not found in this scope
Dec 01 11:38:05.195 INFO [stderr] 
Dec 01 11:38:05.195 INFO [stderr] error[E0425]: cannot find function `Number` in this scope
Dec 01 11:38:05.195 INFO [stderr]   --> tests/integration_test.rs:52:12
Dec 01 11:38:05.195 INFO [stderr]    |
Dec 01 11:38:05.195 INFO [stderr] 52 |         Ok(Number(3))
Dec 01 11:38:05.195 INFO [stderr]    |            ^^^^^^ not found in this scope
Dec 01 11:38:05.195 INFO [stderr] 
Dec 01 11:38:05.195 INFO [stderr] error[E0425]: cannot find function `Number` in this scope
Dec 01 11:38:05.195 INFO [stderr]   --> tests/integration_test.rs:62:12
Dec 01 11:38:05.195 INFO [stderr]    |
Dec 01 11:38:05.195 INFO [stderr] 62 |         Ok(Number(6))
Dec 01 11:38:05.195 INFO [stderr]    |            ^^^^^^ not found in this scope
Dec 01 11:38:05.195 INFO [stderr] 
Dec 01 11:38:05.195 INFO [stderr] error[E0425]: cannot find function `Number` in this scope
Dec 01 11:38:05.195 INFO [stderr]   --> tests/integration_test.rs:71:40
Dec 01 11:38:05.195 INFO [stderr]    |
Dec 01 11:38:05.195 INFO [stderr] 71 |     assert_eq!(ev.eval_str("a", 0), Ok(Number(1)));
Dec 01 11:38:05.195 INFO [stderr]    |                                        ^^^^^^ not found in this scope
Dec 01 11:38:05.195 INFO [stderr] 
Dec 01 11:38:05.195 INFO [stderr] error[E0425]: cannot find function `Number` in this scope
Dec 01 11:38:05.195 INFO [stderr]   --> tests/integration_test.rs:73:40
Dec 01 11:38:05.195 INFO [stderr]    |
Dec 01 11:38:05.195 INFO [stderr] 73 |     assert_eq!(ev.eval_str("a", 0), Ok(Number(2)));
Dec 01 11:38:05.195 INFO [stderr]    |                                        ^^^^^^ not found in this scope
Dec 01 11:38:05.195 INFO [stderr] 
Dec 01 11:38:05.195 INFO [stderr] error[E0425]: cannot find function `Number` in this scope
Dec 01 11:38:05.195 INFO [stderr]   --> tests/integration_test.rs:75:40
Dec 01 11:38:05.195 INFO [stderr]    |
Dec 01 11:38:05.195 INFO [stderr] 75 |     assert_eq!(ev.eval_str("a", 0), Ok(Number(3)));
Dec 01 11:38:05.195 INFO [stderr]    |                                        ^^^^^^ not found in this scope
Dec 01 11:38:05.195 INFO [stderr] 
Dec 01 11:38:05.195 INFO [stderr] error[E0425]: cannot find function `Number` in this scope
Dec 01 11:38:05.195 INFO [stderr]   --> tests/integration_test.rs:84:48
Dec 01 11:38:05.195 INFO [stderr]    |
Dec 01 11:38:05.195 INFO [stderr] 84 |     assert_eq!(ev.eval_str("(force p)", 0), Ok(Number(2)));
Dec 01 11:38:05.195 INFO [stderr]    |                                                ^^^^^^ not found in this scope
Dec 01 11:38:05.195 INFO [stderr] 
Dec 01 11:38:05.195 INFO [stderr] error[E0425]: cannot find function `Number` in this scope
Dec 01 11:38:05.195 INFO [stderr]   --> tests/integration_test.rs:86:48
Dec 01 11:38:05.195 INFO [stderr]    |
Dec 01 11:38:05.195 INFO [stderr] 86 |     assert_eq!(ev.eval_str("(force p)", 0), Ok(Number(2)));
Dec 01 11:38:05.195 INFO [stderr]    |                                                ^^^^^^ not found in this scope
Dec 01 11:38:05.195 INFO [stderr] 
Dec 01 11:38:05.195 INFO [stderr] error[E0425]: cannot find function `Number` in this scope
Dec 01 11:38:05.195 INFO [stderr]   --> tests/integration_test.rs:96:12
Dec 01 11:38:05.195 INFO [stderr]    |
Dec 01 11:38:05.195 INFO [stderr] 96 |         Ok(Number(1))
Dec 01 11:38:05.195 INFO [stderr]    |            ^^^^^^ not found in this scope
Dec 01 11:38:05.195 INFO [stderr] 
Dec 01 11:38:05.195 INFO [stderr] error[E0425]: cannot find function `Number` in this scope
Dec 01 11:38:05.195 INFO [stderr]    --> tests/integration_test.rs:107:12
Dec 01 11:38:05.195 INFO [stderr]     |
Dec 01 11:38:05.195 INFO [stderr] 107 |         Ok(Number(3))
Dec 01 11:38:05.195 INFO [stderr]     |            ^^^^^^ not found in this scope
Dec 01 11:38:05.195 INFO [stderr] 
Dec 01 11:38:05.196 INFO [stderr] error[E0425]: cannot find function `Number` in this scope
Dec 01 11:38:05.196 INFO [stderr]    --> tests/integration_test.rs:113:12
Dec 01 11:38:05.196 INFO [stderr]     |
Dec 01 11:38:05.196 INFO [stderr] 113 |         Ok(Number(1))
Dec 01 11:38:05.196 INFO [stderr]     |            ^^^^^^ not found in this scope
Dec 01 11:38:05.196 INFO [stderr] 
Dec 01 11:38:05.196 INFO [stderr] error[E0425]: cannot find function `List` in this scope
Dec 01 11:38:05.196 INFO [stderr]    --> tests/integration_test.rs:119:12
Dec 01 11:38:05.196 INFO [stderr]     |
Dec 01 11:38:05.196 INFO [stderr] 119 |         Ok(List(vec!(Number(2), Number(3))))
Dec 01 11:38:05.196 INFO [stderr]     |            ^^^^ not found in this scope
Dec 01 11:38:05.196 INFO [stderr] help: possible candidate is found in another module, you can import it into scope
Dec 01 11:38:05.196 INFO [stderr]     |
Dec 01 11:38:05.196 INFO [stderr] 3   | use lisp::Expression::List;
Dec 01 11:38:05.196 INFO [stderr]     |
Dec 01 11:38:05.196 INFO [stderr] 
Dec 01 11:38:05.196 INFO [stderr] error[E0425]: cannot find function `Number` in this scope
Dec 01 11:38:05.196 INFO [stderr]    --> tests/integration_test.rs:119:22
Dec 01 11:38:05.196 INFO [stderr]     |
Dec 01 11:38:05.196 INFO [stderr] 119 |         Ok(List(vec!(Number(2), Number(3))))
Dec 01 11:38:05.196 INFO [stderr]     |                      ^^^^^^ not found in this scope
Dec 01 11:38:05.196 INFO [stderr] 
Dec 01 11:38:05.196 INFO [stderr] error[E0425]: cannot find function `Number` in this scope
Dec 01 11:38:05.196 INFO [stderr]    --> tests/integration_test.rs:119:33
Dec 01 11:38:05.196 INFO [stderr]     |
Dec 01 11:38:05.196 INFO [stderr] 119 |         Ok(List(vec!(Number(2), Number(3))))
Dec 01 11:38:05.196 INFO [stderr]     |                                 ^^^^^^ not found in this scope
Dec 01 11:38:05.196 INFO [stderr] 
Dec 01 11:38:05.201 INFO [stderr] warning: unused import: `lisp::Datum::*`
Dec 01 11:38:05.201 INFO [stderr]  --> tests/integration_test.rs:4:5
Dec 01 11:38:05.201 INFO [stderr]   |
Dec 01 11:38:05.201 INFO [stderr] 4 | use lisp::Datum::*;
Dec 01 11:38:05.201 INFO [stderr]   |     ^^^^^^^^^^^^^^
Dec 01 11:38:05.201 INFO [stderr]   |
Dec 01 11:38:05.201 INFO [stderr]   = note: #[warn(unused_imports)] on by default
Dec 01 11:38:05.201 INFO [stderr] 
Dec 01 11:38:05.283 INFO [stderr] error: aborting due to 19 previous errors
Dec 01 11:38:05.283 INFO [stderr] 
Dec 01 11:38:05.283 INFO [stderr] Some errors occurred: E0425, E0432.
Dec 01 11:38:05.283 INFO [stderr] For more information about an error, try `rustc --explain E0425`.
Dec 01 11:38:05.289 INFO [stderr] error: Could not compile `lisp`.
Dec 01 11:38:05.289 INFO [stderr] warning: build failed, waiting for other jobs to finish...
Dec 01 11:38:05.719 INFO [stderr] warning: unused import: `rayon::prelude`
Dec 01 11:38:05.719 INFO [stderr]   --> src/main.rs:16:5
Dec 01 11:38:05.719 INFO [stderr]    |
Dec 01 11:38:05.719 INFO [stderr] 16 | use rayon::prelude::*;
Dec 01 11:38:05.719 INFO [stderr]    |     ^^^^^^^^^^^^^^
Dec 01 11:38:05.719 INFO [stderr]    |
Dec 01 11:38:05.719 INFO [stderr]    = note: #[warn(unused_imports)] on by default
Dec 01 11:38:05.719 INFO [stderr] 
Dec 01 11:38:05.966 INFO [stderr] error[E0308]: mismatched types
Dec 01 11:38:05.966 INFO [stderr]   --> src/symbol_table.rs:42:26
Dec 01 11:38:05.966 INFO [stderr]    |
Dec 01 11:38:05.966 INFO [stderr] 42 |     assert_eq!(st.insert("foo"), 0);
Dec 01 11:38:05.966 INFO [stderr]    |                          ^^^^^ expected struct `std::string::String`, found str
Dec 01 11:38:05.966 INFO [stderr]    |
Dec 01 11:38:05.966 INFO [stderr]    = note: expected type `&std::string::String`
Dec 01 11:38:05.966 INFO [stderr]               found type `&'static str`
Dec 01 11:38:05.966 INFO [stderr] 
Dec 01 11:38:06.007 INFO [stderr] error[E0308]: mismatched types
Dec 01 11:38:06.007 INFO [stderr]   --> src/symbol_table.rs:43:26
Dec 01 11:38:06.007 INFO [stderr]    |
Dec 01 11:38:06.007 INFO [stderr] 43 |     assert_eq!(st.insert("bar"), 1);
Dec 01 11:38:06.007 INFO [stderr]    |                          ^^^^^ expected struct `std::string::String`, found str
Dec 01 11:38:06.007 INFO [stderr]    |
Dec 01 11:38:06.007 INFO [stderr]    = note: expected type `&std::string::String`
Dec 01 11:38:06.007 INFO [stderr]               found type `&'static str`
Dec 01 11:38:06.007 INFO [stderr] 
Dec 01 11:38:06.048 INFO [stderr] error[E0308]: mismatched types
Dec 01 11:38:06.048 INFO [stderr]   --> src/symbol_table.rs:44:26
Dec 01 11:38:06.048 INFO [stderr]    |
Dec 01 11:38:06.048 INFO [stderr] 44 |     assert_eq!(st.insert("foo"), 0);
Dec 01 11:38:06.048 INFO [stderr]    |                          ^^^^^ expected struct `std::string::String`, found str
Dec 01 11:38:06.048 INFO [stderr]    |
Dec 01 11:38:06.048 INFO [stderr]    = note: expected type `&std::string::String`
Dec 01 11:38:06.048 INFO [stderr]               found type `&'static str`
Dec 01 11:38:06.048 INFO [stderr] 
Dec 01 11:38:06.647 INFO [stderr] error: aborting due to 3 previous errors
Dec 01 11:38:06.647 INFO [stderr] 
Dec 01 11:38:06.647 INFO [stderr] For more information about this error, try `rustc --explain E0308`.
Dec 01 11:38:06.659 INFO [stderr] error: Could not compile `lisp`.
Dec 01 11:38:06.659 INFO [stderr] 
Dec 01 11:38:06.659 INFO [stderr] To learn more, run the command again with --verbose.
Dec 01 11:38:06.659 INFO [stderr] su: No module specific data is present
Dec 01 11:38:07.204 INFO running `"docker" "inspect" "1e83a2a5b539220d7d43f05d75bb55ecb3408ce6294967e01ce6544c0eec35e6"`
Dec 01 11:38:07.475 INFO running `"docker" "rm" "-f" "1e83a2a5b539220d7d43f05d75bb55ecb3408ce6294967e01ce6544c0eec35e6"`
Dec 01 11:38:07.763 INFO [stdout] 1e83a2a5b539220d7d43f05d75bb55ecb3408ce6294967e01ce6544c0eec35e6
